r when 1603 is divided by 517.
52
Calculate the remainder when 125497 is divided by 59.
4
What is the remainder when 85 is divided by 76?
9
What is the remainder when 4100 is divided by 1118?
746
Calculate the remainder when 102901 is divided by 205.
196
Calculate the remainder when 886 is divided by 158.
96
What is the remainder when 281 is divided by 49?
36
What is the remainder when 25999 is divided by 12976?
47
What is the remainder when 5829 is divided by 5823?
6
Calculate the remainder when 6335 is divided by 138.
125
What is the remainder when 4485 is divided by 77?
19
What is the remainder when 7418 is divided by 134?
48
Calculate the remainder when 2123 is divided by 285.
128
What is the remainder when 112335 is divided by 775?
735
Calculate the remainder when 15416 is divided by 3848.
24
Calculate the remainder when 3407638 is divided by 20.
18
Calculate the remainder when 181492 is divided by 27.
25
Calculate the remainder when 34701 is divided by 826.
9
Calculate the remainder when 339 is divided by 26.
1
What is the remainder when 8199 is divided by 2239?
1482
Calculate the remainder when 46215 is divided by 75.
15
What is the remainder when 1619 is divided by 1229?
390
What is the remainder when 6240 is divided by 614?
100
What is the remainder when 905 is divided by 178?
15
Calculate the remainder when 14981 is divided by 129.
17
What is the remainder when 959 is divided by 571?
388
Calculate the remainder when 79173 is divided by 634.
557
Calculate the remainder when 5604 is divided by 2677.
250
What is the remainder when 1665 is divided by 64?
1
What is the remainder when 2670314 is divided by 208?
10
Calculate the remainder when 127914 is divided by 18271.
17
What is the remainder when 1569 is divided by 32?
1
What is the remainder when 267245 is divided by 378?
377
Calculate the remainder when 1759 is divided by 1687.
72
Calculate the remainder when 15082 is divided by 5020.
22
Calculate the remainder when 7714 is divided by 1262.
142
What is the remainder when 4533 is divided by 903?
18
Calculate the remainder when 234401 is divided by 1803.
11
What is the remainder when 827900 is divided by 65?
60
Calculate the remainder when 42890 is divided by 390.
380
Calculate the remainder when 14101 is divided by 14085.
16
Calculate the remainder when 45303 is divided by 2059.
5
What is the remainder when 18806 is divided by 27?
14
Calculate the remainder when 124 is divided by 71.
53
Calculate the remainder when 127344 is divided by 11.
8
What is the remainder when 971 is divided by 817?
154
Calculate the remainder when 54515 is divided by 27252.
11
What is the remainder when 4573 is divided by 2273?
27
What is the remainder when 35804 is divided by 28?
20
What is the remainder when 29309 is divided by 2223?
410
Calculate the remainder when 6362 is divided by 182.
174
What is the remainder when 3799 is divided by 143?
81
What is the remainder when 1928 is divided by 239?
16
What is the remainder when 8968 is divided by 50?
18
Calculate the remainder when 602878 is divided by 109.
108
What is the remainder when 129942 is divided by 21653?
24
Calculate the remainder when 13673 is divided by 311.
300
Calculate the remainder when 2201 is divided by 143.
56
Calculate the remainder when 25753 is divided by 239.
180
Calculate the remainder when 2468 is divided by 638.
554
What is the remainder when 15351 is divided by 101?
100
What is the remainder when 82620 is divided by 11?
10
Calculate the remainder when 15701 is divided by 1206.
23
Calculate the remainder when 137830 is divided by 964.
942
What is the remainder when 24309 is divided by 913?
571
What is the remainder when 231553 is divided by 129?
127
Calculate the remainder when 2219758 is divided by 180.
178
Calculate the remainder when 23927 is divided by 50.
27
Calculate the remainder when 2538645 is divided by 846212.
9
What is the remainder when 3046 is divided by 151?
26
What is the remainder when 7352 is divided by 123?
95
Calculate the remainder when 32659 is divided by 2719.
31
Calculate the remainder when 2011 is divided by 74.
13
What is the remainder when 628 is divided by 45?
43
Calculate the remainder when 4965 is divided by 4952.
13
What is the remainder when 14524 is divided by 83?
82
What is the remainder when 1507 is divided by 249?
13
Calculate the remainder when 40662 is divided by 20325.
12
Calculate the remainder when 142292 is divided by 101.
84
Calculate the remainder when 1095 is divided by 219.
0
Calculate the remainder when 668147 is divided by 805.
802
What is the remainder when 2532 is divided by 220?
112
Calculate the remainder when 20529 is divided by 17.
10
Calculate the remainder when 2139090 is divided by 97231.
8
Calculate the remainder when 234861 is divided by 81.
42
Calculate the remainder when 12704 is divided by 538.
330
Calculate the remainder when 135159 is divided by 425.
9
Calculate the remainder when 2139 is divided by 1041.
57
What is the remainder when 5752 is divided by 1829?
265
What is the remainder when 19554 is divided by 4882?
26
Calculate the remainder when 14369 is divided by 14340.
29
Calculate the remainder when 43258 is divided by 1966.
6
Calculate the remainder when 25222 is divided by 2491.
312
What is the remainder when 6858 is divided by 744?
162
Calculate the remainder when 355889 is divided by 4.
1
Calculate the remainder when 1205 is divided by 348.
161
Calculate the remainder when 14100 is divided by 14078.
22
Calculate the remainder when 5034 is divided by 276.
66
Calculate the remainder when 6836 is divided by 2938.
960
Calculate the remainder when 5520 is divided by 1100.
20
What is the remainder when 52420 is divided by 17473?
1
Calculate the remainder when 4108022 is divided by 25.
22
Calculate the remainder when 43196 is divided by 3.
2
What is the remainder when 173648 is divided by 29?
25
Calculate the remainder when 228742 is divided by 55.
52
Calculate the remainder when 2243 is divided by 51.
50
What is the remainder when 379405 is divided by 832?
13
Calculate the remainder when 236535 is divided by 168.
159
Calculate the remainder when 2551611 is divided by 13.
10
Calculate the remainder when 5737 is divided by 97.
14
Calculate the remainder when 30183 is divided by 1588.
11
Calculate the remainder when 60050 is divided by 380.
10
Calculate the remainder when 358261 is divided by 89564.
5
What is the remainder when 126041 is divided by 161?
139
Calculate the remainder when 64525 is divided by 461.
446
What is the remainder when 48304 is divided by 4390?
14
What is the remainder when 114489 is divided by 10?
9
What is the remainder when 9668 is divided by 158?
30
What is the remainder when 327191 is divided by 109040?
71
Calculate the remainder when 195279 is divided by 91.
84
What is the remainder when 88693 is divided by 20?
13
What is the remainder when 871226 is divided by 290406?
8
Calculate the remainder when 7868 is divided by 560.
28
Calculate the remainder when 745474 is divided by 101.
94
Calculate the remainder when 83968 is divided by 13.
1
Calculate the remainder when 1220 is divided by 60.
20
What is the remainder when 48987 is divided by 925?
887
Calculate the remainder when 108106 is divided by 14.
12
Calculate the remainder when 337456 is divided by 19.
16
Calculate the remainder when 148385 is divided by 148383.
2
Calculate the remainder when 21827 is divided by 185.
182
Calculate the remainder when 1537 is divided by 261.
232
Calculate the remainder when 925 is divided by 229.
9
What is the remainder when 789320 is divided by 25?
20
Calculate the remainder when 11557 is divided by 5694.
169
Calculate the remainder when 14285 is divided by 155.
25
What is the remainder when 13433 is divided by 119?
105
What is the remainder when 272 is divided by 115?
42
Calculate the remainder when 2766 is divided by 294.
120
Calculate the remainder when 57582 is divided by 263.
248
What is the remainder when 2153300 is divided by 193?
192
What is the remainder when 4320 is divided by 71?
60
Calculate the remainder when 4343 is divided by 183.
134
Calculate the remainder when 38865 is divided by 30.
15
What is the remainder when 1123 is divided by 375?
373
Calculate the remainder when 70325 is divided 